{"id":10911,"date":"2018-08-01T03:00:47","date_gmt":"2018-08-01T01:00:47","guid":{"rendered":"https:\/\/5esaison.ch\/?post_type=product&#038;p=10911"},"modified":"2026-04-14T15:55:51","modified_gmt":"2026-04-14T13:55:51","slug":"assemblage-rouge","status":"publish","type":"product","link":"https:\/\/5esaison.ch\/index.php\/produit\/assemblage-rouge\/","title":{"rendered":"5e Saison Assemblage rouge AOC Valais"},"content":{"rendered":"<p>Notre assemblage \u00ab\u20095e Saison\u2009\u00bb (Pinot Noir, Diolinoir, Syrah et Gamaret) est un vin r\u00e9solument \u00e9l\u00e9gant. Il s\u2019offre au regard dans une magnifique robe rouge aux reflets noirs. Puis il d\u00e9voile un nez \u00e9pic\u00e9 et complexe et, enfin, il nous comble par sa bouche riche et fruit\u00e9e aux tanins souples mais bien pr\u00e9sents.<\/p>\n","protected":false},"excerpt":{"rendered":"<p>Autres contenances disponibles \u2014 1,5L &#8211; 3L &#8211; 4,5L &#8211; 6L &#8211; 9L &#8211; 12L<br \/>\nPrix sur demande<\/p>\n","protected":false},"featured_media":10931,"template":"","meta":[],"product_cat":[223],"product_tag":[242,237,241],"_links":{"self":[{"href":"https:\/\/5esaison.ch\/index.php\/wp-json\/wp\/v2\/product\/10911"}],"collection":[{"href":"https:\/\/5esaison.ch\/index.php\/wp-json\/wp\/v2\/product"}],"about":[{"href":"https:\/\/5esaison.ch\/index.php\/wp-json\/wp\/v2\/types\/product"}],"wp:featuredmedia":[{"embeddable":true,"href":"https:\/\/5esaison.ch\/index.php\/wp-json\/wp\/v2\/media\/10931"}],"wp:attachment":[{"href":"https:\/\/5esaison.ch\/index.php\/wp-json\/wp\/v2\/media?parent=10911"}],"wp:term":[{"taxonomy":"product_cat","embeddable":true,"href":"https:\/\/5esaison.ch\/index.php\/wp-json\/wp\/v2\/product_cat?post=10911"},{"taxonomy":"product_tag","embeddable":true,"href":"https:\/\/5esaison.ch\/index.php\/wp-json\/wp\/v2\/product_tag?post=10911"}],"curies":[{"name":"wp","href":"https:\/\/api.w.org\/{rel}","templated":true}]}}